**2 + 5*j + 4. Let s be w(-4). Suppose 2*b + 2*b - s = 0. List the prime factors of b.
2, 3
Suppose -4*v - 57 = 3*i - 333, -4*v - 204 = -2*i. What are the prime factors of i?
2, 3
Suppose -3*r + 0 = 3*a - 9, a - 5*r - 27 = 0. Suppose b - a = -3*j + 9, 2*j = 5*b - 131. List the prime factors of b.
5
Suppose q = n - 2, -q - 4*n + 6 = -6*q. Suppose -q*d - 3 = 3, d + 2 = -y. What are the prime factors of y*16 - (-4 - -3)?
17
Let u = -3 - -2. Let d be (-7)/3*(-3)/u. Let z = d - -13. List the prime factors of z.
2, 3
Let d be ((-20)/(-16))/(1/(-4)). Let i = 7 + d. List the prime factors of i.
2
Suppose -252 - 1945 = -13*x. List the prime factors of x.
13
Let y = -83 + 112. List the prime factors of y.
29
Suppose s = 2 + 3. Let j(l) = l**3 - 4*l**2 - 4*l + 2. What are the prime factors of j(s)?
7
Let j = -44 - -66. List the prime factors of j.
2, 11
List the prime factors of (12 + 1)*4/4.
13
Let g = 34 + 2. List the prime factors of g.
2, 3
Let l be (-9 - -6)*44/(-6). Let i = l - -1. What are the prime factors of i?
23
Suppose 4*k = 4*v + 164, 0*v - 2*v - 190 = -5*k. List the prime factors of k.
2, 3
Let c = 0 - -1. Suppose -4*k + 4 = -2*o, c = 2*k - 3*o + 3. Suppose 0 = -k*s - 0*s + 6. What are the prime factors of s?
3
Suppose 4*k = 9 + 123. List the prime factors of k.
3, 11
Let u(m) = m**2 - 3*m. What are the prime factors of u(-3)?
2, 3
Let d(i) = -i**2 + 8*i + 3. Suppose -5*y + 12 = -28. Let x be d(y). Suppose x*c + 6 = 6*c. List the prime factors of c.
2
Let x = 162 + -114. List the prime factors of x.
2, 3
Suppose -3*h + 32 = h. Let n be 9*h/(-6)*-1. Suppose y = -4 + n. What are the prime factors of y?
2
Let d be (-1 - -3)/(4/(-38)). Let y = d + 33. List the prime factors of y.
2, 7
Suppose -t = -11 - 6. List the prime factors of t.
17
Suppose 0 = -m - 3*m. Let s = 91 - 64. Suppose m = -4*h + h + s. What are the prime factors of h?
3
Suppose 4*s + s + 80 = -5*w, 5*w = 5*s - 50. Let h(c) = c**3 + 14*c**2 + 9*c - 19. What are the prime factors of h(w)?
3, 11
Let m be 0/(-1) - -1 - 6. Let j = 8 - m. What are the prime factors of j?
13
Let t = 3 + 2. Suppose -21 = -r + 5*f, -t*f = -5*r + 2 + 123. Suppose r = 3*p + 2. What are the prime factors of p?
2
List the prime factors of (-12)/(-54) - 518/(-18).
29
Suppose 15 = -2*f + 3*f + 3*n, 3*f + 2*n = 17. Suppose -125 = -3*v - x, -f = x + 2*x. What are the prime factors of v?
2, 3, 7
Suppose -4*b - 5 = b. Let d(l) = 22*l**2 + 2*l + 1. List the prime factors of d(b).
3, 7
Suppose 0 = 5*b - 0*v + 5*v - 605, -b - 4*v + 133 = 0. What are the prime factors of b?
3, 13
What are the prime factors of -3 + (32 - -2) - 2?
29
Let s be (1*2/2)/(-1). Let v = s - 11. List the prime factors of (-3)/v - (-33)/12.
3
Let w be ((-6)/4)/(3/(-4)). Suppose -l = -5*g + 245, l = -w*l. List the prime factors of g.
7
Let h(o) = -o**2 + 1. Let x(j) = -4*j**2 - 12*j + 13. Let v(z) = 5*h(z) - x(z). Let f be v(12). Let y = f + 11. What are the prime factors of y?
3
Let m(t) = t**2 - 2. Let c = -7 - -10. List the prime factors of m(c).
7
Let m = -329 + 576. List the prime factors of m.
13, 19
Suppose 5*d = -4*r + 44, 0*r - 5*d = 3*r - 28. List the prime factors of r.
2
Suppose 3*h + 10 = 46. Let a = h + -8. Suppose -a*z = -5*l - 5 + 1, 0 = z - 5*l + 14. List the prime factors of z.
2, 3
Let l(j) = 2*j + 12. Let r be 360/(-44) + 4/22. Let c be l(r). List the prime factors of (0 + 1)/(c/(-68)).
17
Let f be 24/8 + (1 - 28). Let z be 2/6 + f/(-9). What are the prime factors of 1*(-54)/(-3) + z?
3, 7
Let h(o) = o**2 - o**2 - o + 10 - 9 + o**3. What are the prime factors of h(2)?
7
Suppose 82 = 4*n + 3*a - 42, 2*n = 3*a + 80. List the prime factors of n.
2, 17
Suppose -5*w + 2*a = -30, 3*a + 6 = w - 0. Let p = w - -2. Suppose -13 - p = -3*b. What are the prime factors of b?
7
Let v(t) = -5*t**3 + 5*t**2 - 14*t + 4. Let s(h) = 4*h**3 - 6*h**2 + 13*h - 4. Let m(d) = 4*s(d) + 3*v(d). List the prime factors of m(8).
2, 3
Let z(c) = -c - 1. Suppose -2*s - o + 4 = 0, 4*s - s + 2*o = 8. Let y be z(s). List the prime factors of y + (1 - (-1 - 11)).
2, 3
Let u = -2 - -2. Suppose 0 = -u*m - 4*m + 60. What are the prime factors of 3*m/27*3?
5
Let b = -14 + 21. List the prime factors of (b + -3)*(-1)/(-2).
2
Suppose 0 = 11*h - 1464 - 2320. List the prime factors of h.
2, 43
What are the prime factors of (6/(-3) - -1) + 9?
2
Let l(h) = -h**3 - 5*h**2 + 9*h + 5. What are the prime factors of l(-8)?
5
Suppose 0 = 2*a - 97 - 3. List the prime factors of a.
2, 5
Let a(o) = -o**3 - 8*o**2 - o - 11. Let x be a(-8). List the prime factors of 7 + -2 - 9/x.
2
Let m(t) = -t**3 - 4*t**2 + 5*t + 4. Let d be m(-5). Let v(p) = p**3 - 4*p**2 + 2*p. Let h be v(d). Let y = 10 - h. List the prime factors of y.
2
List the prime factors of 100/(0 - (-3 - -2)).
2, 5
Let a = -165 - -265. What are the prime factors of a?
2, 5
Suppose -48 = -5*u + v, 20 = 4*u + 5*v - 30. List the prime factors of u.
2, 5
What are the prime factors of (-171)/(-6) - (-12)/(-8)?
3
Suppose -4*h = 5 + 11. Let j be (-102)/h + 2/4. Suppose 2*m - 34 = 2*o, -o - j = -2*m - 3*o. What are the prime factors of m?
3, 5
List the prime factors of (204/9)/(4/18).
2, 3, 17
Let d(f) = f**3 - 8*f**2 - 4*f - 6. List the prime factors of d(9).
3, 13
Let y = -5 + 8. Suppose 5*a + 3*z = 7 + 10, 0 = -3*a + 3*z + 15. Suppose c + y*f = 21, 0*c = 2*c + a*f - 36. List the prime factors of c.
2, 3
Suppose 9 = 2*q + q. Suppose o - 27 = -4*r, 2*o - 66 = -q*o + 3*r. List the prime factors of o.
3, 5
What are the prime factors of (18 - 293)*((-4)/(-2))/(-2)?
5, 11
Suppose -4*h + 183 = -209. List the prime factors of h.
2, 7
Suppose -11*z - 149 + 1997 = 0. List the prime factors of z.
2, 3, 7
Let z(w) = 12*w - 4. List the prime factors of z(4).
2, 11
Let c = 214 + -12. List the prime factors of c.
2, 101
Suppose 4*l + 3 = l. What are the prime factors of (-5 + l)/((-4)/6)?
3
What are the prime factors of ((-58)/(-5))/(123/30 - 4)?
2, 29
Suppose 8*j + 22 = 62. Suppose -2*t + 24 = -4*u, 21 + j = 2*t - 2*u. What are the prime factors of t?
2, 7
Let c be -17*(1 - (-2)/(-1)). Suppose c = 5*k - 8. Suppose -h - 2*j + k = 2*h, 5*h - 2*j - 19 = 0. What are the prime factors of h?
3
List the prime factors of 28/(-12)*-29 - 2/3.
67
Suppose 2*l + 46 = -5*v, 0*v - 4*l - 28 = 2*v. Let a = v - -15. Suppose 4*r = 5*d - 21, -3*d + 4 + a = -4*r. What are the prime factors of d?
5
Suppose 75 = 2*i - 31. List the prime factors of i.
53
Let k = 7 + -3. Suppose y + 15 = -2*y, -k*d + 67 = 5*y. List the prime factors of d.
23
Let n = 295 + 29. What are the prime factors of n?
2, 3
Suppose 2*w = 10, 14 = -3*y + y + 2*w. Let n = y + 4. What are the prime factors of n/(2 + (-15)/8)?
2
Suppose -11 + 29 = 3*z. Suppose -3*w - 6 = -0*w. What are the prime factors of z + w + -3 + 1?
2
Let p be 2/2 + -36 - -2. What are the prime factors of -2 + p/9*-3?
3
Let i = 98 - 51. List the prime factors of i.
47
Suppose -5*g = 7 - 37. Suppose 6 = 4*v + 5*l, -3*v - 2*l = 3 - 4. Let q = v + g. What are the prime factors of q?
5
Let a be -1 + -2 + 4 - 71. What are the prime factors of a/(-15) - 4/6?
2
Let c be 426/14 - (-9)/(-21). Suppose -20 = q - c. What are the prime factors of q?
2, 5
Let f(i) = i**2 - 7*i + 3. Let j be f(7). Let l = 5 - j. List the prime factors of l.
2
Suppose -2*i - 11 = -3, 0 = 4*n + 4*i + 24. Let r be 1*(-1 - 1)/n. Suppose 5*g - r = 9. What are the prime factors of g?
2
What are the prime factors of 8/(-60) - (-902)/15?
2, 3, 5
Let q be -3 - (3 - 8 - 0). Suppose -5*j - 2*c = -30, c + 10 = 5*j - c. Suppose j*x - 24 = q*x. List the prime factors of x.
2, 3
Suppose -8 = 2*a, -4*a = -4*i - i + 6. Let s(c) = -6*c**3 - c**2 + 2*c + 3. Let n be s(i). Let r = 64 - n. What are the prime factors of r?
3, 7
Suppose -1 = -u + 3. Let c be (-2)/u*2 + 3. Suppose -2*b + 4 + 6 = -c*a, -b - a + 9 = 0. What are the prime factors of b?
7
Let h(m) = -m + 11. Let k be h(9). Suppose k = 2*s, r = -4*r - 5*s + 55. What are the prime factors of r?
2, 5
Suppose 0 = -4*f - 5*w + 584, 5*f - 735 = -w - 26. What are the prime factors of f?
3, 47
Suppose -2*v + 2*g - 8 = 0, -v = 2*g + 2*g + 14. Let w be 0 - -12 - (-18)/v. Suppose 0*q = q - w. What are the prime factors of q?
3
Let z(v) = v**3 + v**2 - 1. What are the prime factors of z(4)?
79
Suppose s - 6 = -s, 0 = 2*o